 of c?
1
Let b(x) = 6*x + 50 - 3*x - 5*x - 17. What is the tens digit of b(-20)?
7
Let n be -978*((-6)/9 - 2/(-6)). Let b = -191 + n. What is the hundreds digit of b?
1
Let j(r) = 2*r**2 + 2*r + 12. Let i be j(-4). What is the tens digit of 64/9*i/(-48)*-3?
1
Let m = -94 + 105. Suppose -14 = 2*s + 2. Let v = m + s. What is the units digit of v?
3
Let p(n) = 3*n**2 + 17*n - 3. What is the tens digit of p(-17)?
7
Suppose -1981 = -4*z + 3351. What is the hundreds digit of z?
3
Suppose 5*o + 4*w - 4956 = 0, 64*w - 67*w = o - 1000. What is the units digit of o?
8
What is the tens digit of (-5350)/4*(-30)/25*1?
0
Let b(m) = 2*m**2 - 24*m + 102. What is the units digit of b(7)?
2
Let s = 21 + -10. Let p = -9 + s. Suppose 52 = 2*v + p*v. What is the units digit of v?
3
Suppose o = 5*o - 16. Suppose -r + u + 40 = 0, -2*u - 86 = -o*r + 78. What is the units digit of r?
2
Let a = -59 - -62. Suppose -2*z = -b - 209, -b - a*b = -12. What is the hundreds digit of z?
1
Suppose -198 = -f - 2*f. Let r(i) = 2*i**2 - 7. Let j be r(-2). What is the units digit of j/(-3 + 201/f)?
2
What is the thousands digit of (2379/(-5))/((-9)/30)?
1
What is the units digit of 12/(-90)*5*-552?
8
Suppose -f + 4*r + 369 = 0, 50*r - 20 = 46*r. What is the units digit of f?
9
Suppose 3*r + 1321 = w, -6577 = -9*w + 4*w + r. What is the units digit of w?
5
Let f be 13*((0 - -1) + -4). Let c be ((-4)/(-3))/((-26)/f). Suppose 5*x - c*x = 123. What is the units digit of x?
1
Suppose -3*u - 2*u = -2275. What is the units digit of u?
5
Let y be (3/(-3))/((-1)/4). Suppose y*d = 7*d + 18. Let c(j) = j**2 + 3*j + 14. What is the tens digit of c(d)?
3
Suppose 7105 + 599 = 18*r. What is the hundreds digit of r?
4
Let z(b) = 7*b**2 + 22. Suppose -4*v + 2*s = -v + 21, -3*v - 27 = -4*s. What is the tens digit of z(v)?
9
Suppose -d = s - 283, 0*s - s - 2*d = -284. What is the tens digit of s?
8
Let w = -4 + -7. Let y = -5 - w. Suppose -y = -x + 10. What is the units digit of x?
6
Let y be -5 + 4 + -1 - -5. Suppose 9 + y = 4*v. Suppose 2*s - 12 = 5*b, 2 = 4*b - v*b. What is the units digit of s?
1
Suppose 14 = 2*f + 2*j, -7*f + 2*f + 39 = 4*j. Let k(d) = 1 - 2*d + 0 + 4*d. What is the units digit of k(f)?
3
Suppose 0 = -4*i - 6 - 6. Let b be 1/(-3) - 10/i. Suppose 0 = 6*s - b*s - 27. What is the units digit of s?
9
Suppose -10 + 7 = i, 3*y - 2*i - 537 = 0. What is the units digit of y?
7
Let u = 12 + -28. Let o be (-8177)/(-170) - (-3 + 31/10). Let m = u + o. What is the tens digit of m?
3
Let o = 107 + 43. What is the hundreds digit of o?
1
What is the units digit of (-29)/(-58) - 6034/(-4)?
9
Suppose -2*t - 886 = -4*t. What is the units digit of t?
3
Suppose -28*n + 27*n = -199. What is the tens digit of n?
9
Suppose h + 3*m + 686 = 2*h, -2*m = -4. What is the hundreds digit of h?
6
Let j = 2690 + -95. What is the tens digit of j?
9
Suppose 12*q - 6*q = 318. Suppose q*n + 227 = 54*n. What is the hundreds digit of n?
2
Suppose -5*r + 4*d - 152 = 5*d, 4 = -2*d. Let f = r + 134. What is the tens digit of f?
0
Suppose 13 = -6*y + 37. What is the units digit of (-290)/y*(3 + 38/(-10))?
8
Let m be (4 - -1)*20/50. Suppose -2 = 2*t + 3*l - 0, m*l = 5*t + 5. Let i = t + 9. What is the units digit of i?
8
Suppose -124 - 185 = 3*n. Let c = 44 - n. What is the units digit of c?
7
Let d(q) = 2*q**3 - 5*q**2 + 3*q - 2. Let j(m) = -m**3 + 2*m**2 - m + 1. Let g(h) = 3*d(h) + 7*j(h). Let z = -11 - -7. What is the tens digit of g(z)?
4
Suppose 8*f = 6*f. Suppose -26 + 90 = u - 3*b, f = -u - 5*b + 24. What is the units digit of u?
9
Let d = 390 - 229. What is the units digit of d?
1
Let d be 4*(3 + -2)*-1. What is the units digit of 5 - ((-16)/1)/d?
1
Let d(m) = -m**3 - m**2 + m + 9. Let s be (-46)/(-11) + 4/(-22). Suppose 4*t = 4, -2*o + s*t - 3 = t. What is the units digit of d(o)?
9
Suppose 5 = -c + 3*t, -6 = 2*t - 4*t. Suppose -w + c*w = 150. Suppose j = 0, 6*g - w = g - 4*j. What is the tens digit of g?
1
Let w(s) = -s**3 - 6*s**2 - 10*s - 5. Let n be w(-4). Suppose 3*d - 5*h + 0*h - 74 = 0, 3*d - 78 = n*h. What is the tens digit of d?
2
Let i = -11 + 10. Let j be 10 + -3 - (-4)/i. Suppose j*w - 14 = 1. What is the units digit of w?
5
Let n(r) = -70*r - 134. What is the units digit of n(-22)?
6
Let x = -91 - -80. Let w(d) = -d**2 - 14*d - 13. Let s(l) = -1. Let g(r) = 2*s(r) + w(r). What is the units digit of g(x)?
8
Let w = -21 + 21. Suppose -5*d = 4*z - 142, -d + w*d = 2*z - 68. Let f = z + -19. What is the tens digit of f?
1
Suppose 0 = -2*s, -4*l - 7 = 5*s + 1. Let p(k) = 5*k**3 + 3*k**2 + k - 1. Let i be p(l). Let c = 63 + i. What is the units digit of c?
2
Let k = -7 - -6. Let v = 2 - k. Suppose -3*o + 5*o = 2*b + 10, 2*o + 5 = -v*b. What is the units digit of o?
2
Let v be (-44)/(-7) + (-6)/21. Let p(b) = b - 16. Let w be p(v). Let j(z) = -z**2 - 13*z + 6. What is the tens digit of j(w)?
3
Let m = 7 - 9. Let f(o) = 3*o**2 - 14*o + 26. Let b(q) = 4*q**2 - 13*q + 27. Let t(k) = m*b(k) + 3*f(k). What is the units digit of t(16)?
4
Let o(k) = 20*k**2 - 22*k + 138. What is the hundreds digit of o(5)?
5
Suppose g + 196 = 2*q + 814, 5*q = -g + 646. What is the hundreds digit of g?
6
Suppose 0 - 2 = r, -3*r + 976 = q. What is the tens digit of q?
8
Let x(s) = 17*s + 6. Let o be x(8). What is the units digit of (o/6)/((-2)/(-12))?
2
What is the hundreds digit of 1/(2/1486) - (-9 - -7)?
7
Let s(g) = -412*g - 2. Let a be s(-1). Suppose 2*t = 7*t - a. What is the tens digit of t?
8
Suppose 4*j + 5*k = 62, 10 = j + 2*k + 2*k. Suppose -22*v = -j*v - 24. Suppose 2*m = 2*d + v, m - d - 6 = 3*d. What is the units digit of m?
2
Let u be -6 - 51/(-9) - (-538)/(-6). Let f = -53 - u. What is the units digit of f?
7
Suppose 0 = 4*v + 12, 4*v + 5 + 1 = -3*r. Suppose -3*k + 0*i = -r*i - 170, 5*k - 5*i - 285 = 0. What is the units digit of k?
6
Suppose 21*c - 1791 = 351. What is the hundreds digit of c?
1
Let u = 1938 - 1245. What is the tens digit of u?
9
Let q = 14 + -26. Let u(t) = -t**2 - t + 4. Let g be u(2). Let w = g - q. What is the tens digit of w?
1
What is the tens digit of (646 + 7)/(-3 - -4)?
5
Suppose 6*k = 4*k - 2. What is the tens digit of (-2 + -188)*k/2?
9
Let l(n) = -n**3 - 9*n**2 - 15*n + 6. Let h be l(-6). What is the units digit of 4/(-12) + (-844)/h?
0
Let w(u) = -6*u**2 + 15*u + 17. Let m(y) = -13*y**2 + 30*y + 35. Let o(p) = 3*m(p) - 7*w(p). What is the units digit of o(7)?
8
Suppose -15 = 3*t, -12*t + 11*t = -3*m + 11. What is the units digit of m?
2
Suppose 0 = -h + 3, -3*o - 2*h = -h + 186. What is the tens digit of (-336)/o*42/8?
2
Suppose -3 + 12 = 3*z. Suppose 3*m = -2*b - 307, -3*m - z*b = b + 311. Let s = -59 - m. What is the units digit of s?
2
Suppose -f - 22 = 4*i - 534, 4*f - 1988 = -i. What is the units digit of f?
6
Let b(z) = z**3 - 15*z. What is the units digit of b(12)?
8
Let n(d) be the second derivative of 5*d**4/12 - 2*d**3/3 - 31*d**2/2 + d + 15. What is the hundreds digit of n(7)?
1
Let u = 166 - -199. Suppose n + u = 6*n. What is the tens digit of n?
7
Let v(n) be the third derivative of -1/24*n**4 + 1/60*n**5 - 6*n**2 + 0*n**3 + 0 + 0*n. What is the units digit of v(2)?
2
Let v(p) = -p**2 + 20*p - 27. Let q(z) = z**2 - 19*z + 26. Let m be 20/(-10) + 7 + -1. Let l(w) = m*q(w) + 3*v(w). What is the units digit of l(17)?
0
Let r = 3 + 1. Suppose -i + 5*m + 102 = -5, 0 = -r*i + 5*m + 413. What is the hundreds digit of i?
1
Let h(f) = -124*f + 74. What is the units digit of h(-5)?
4
Let j = 7965 + -3777. What is the thousands digit of j?
4
Let r(y) = y**3 - 2*y**2 - y + 2. Let z be r(2). Suppose z = -i - 65 - 20. Let h = i + 124. What is the tens digit of h?
3
Let p be (-2)/6 + 88/(-6). Let t = p - -12. What is the tens digit of t*1*190/(-15)?
3
Suppose -3*s + 16962 = 2*s + 4*q, -5*s - 5*q + 16960 = 0. What is the tens digit of s?
9
Suppose 19 = 4*g - 1. Suppose -8 = -g*z - 4*l - 0, -3*z - 3 = 5*l. Suppose 4*u = z*q - 136, -5*u = -u - 4. What is the tens digit of q?
3
What is the tens digit of ((-186)/(-21))/((-5)/(-35))?
6
Let i(n) = -18*n. Let s(w) = w**3 - 5*w**2 - w - 5. Let z be s(4). Let c be (-1)/5 + 20/z. What is the units digit of i(c)?
8
Let g = 8 - 0. Suppose f = g - 6. Suppose -f*p - 26 = -3*p. What is the units digit of p?
6
Suppose -5*n = 5*p - 0 - 5, 0 = 5*p + n - 